{"id":885,"date":"2026-02-02T16:51:22","date_gmt":"2026-02-02T15:51:22","guid":{"rendered":"http:\/\/alumno04.shopenlaces.com.es\/alumno04wp\/?page_id=885"},"modified":"2026-02-02T16:54:50","modified_gmt":"2026-02-02T15:54:50","slug":"camiseta-adidas-real-madrid-25-26-2","status":"publish","type":"page","link":"http:\/\/alumno04.shopenlaces.com.es\/alumno04wp\/?page_id=885","title":{"rendered":"CAMISETA ADIDAS REAL MADRID 25\/26"},"content":{"rendered":"\n<div class=\"wp-block-stackable-carousel stk-block-carousel stk--is-slide stk--arrows-justify-space-between stk--arrows-align-center stk-block stk-5862d4d\" data-slides-to-show=\"\" data-block-id=\"5862d4d\"><div class=\"stk-block-carousel__content-wrapper\"><div class=\"stk-row stk-inner-blocks stk-block-content stk-block-carousel__slider-wrapper stk-content-align stk-5862d4d-column\"><div class=\"stk-block-carousel__slider\" role=\"list\" data-autoplay=\"4000\" data-label-slide-of=\"Slide %%d of %%d\" tabindex=\"0\">\n<div class=\"wp-block-stackable-column stk-block-column stk-column stk-block stk-ab23296\" data-v=\"4\" data-block-id=\"ab23296\"><div class=\"stk-column-wrapper stk-block-column__content stk-container stk-ab23296-container stk--no-background stk--no-padding\"><div class=\"stk-block-content stk-inner-blocks stk-ab23296-inner-blocks\">\n<figure class=\"wp-block-image aligncenter size-full is-resized\" data-block-type=\"core\"><img loading=\"lazy\" decoding=\"async\" width=\"253\" height=\"300\" src=\"http:\/\/alumno04.shopenlaces.com.es\/alumno04wp\/wp-content\/uploads\/2026\/02\/REAL.png\" alt=\"\" class=\"wp-image-886\" style=\"width:455px;height:auto\"\/><\/figure>\n\n\n\n<p data-block-type=\"core\"><\/p>\n<\/div><\/div><\/div>\n\n\n\n<div class=\"wp-block-stackable-column stk-block-column stk-column stk-block stk-d11caaa\" data-v=\"4\" data-block-id=\"d11caaa\"><div class=\"stk-column-wrapper stk-block-column__content stk-container stk-d11caaa-container stk--no-background stk--no-padding\"><div class=\"stk-block-content stk-inner-blocks stk-d11caaa-inner-blocks\">\n<figure class=\"wp-block-image aligncenter size-full is-resized\" data-block-type=\"core\"><img loading=\"lazy\" decoding=\"async\" width=\"225\" height=\"225\" src=\"http:\/\/alumno04.shopenlaces.com.es\/alumno04wp\/wp-content\/uploads\/2026\/02\/militao.jpg\" alt=\"\" class=\"wp-image-887\" style=\"width:442px;height:auto\" srcset=\"http:\/\/alumno04.shopenlaces.com.es\/alumno04wp\/wp-content\/uploads\/2026\/02\/militao.jpg 225w, http:\/\/alumno04.shopenlaces.com.es\/alumno04wp\/wp-content\/uploads\/2026\/02\/militao-150x150.jpg 150w, http:\/\/alumno04.shopenlaces.com.es\/alumno04wp\/wp-content\/uploads\/2026\/02\/militao-100x100.jpg 100w\" sizes=\"auto, (max-width: 225px) 100vw, 225px\" \/><\/figure>\n<\/div><\/div><\/div>\n\n\n\n<div class=\"wp-block-stackable-column stk-block-column stk-column stk-block stk-e9a2022\" data-v=\"4\" data-block-id=\"e9a2022\"><div class=\"stk-column-wrapper stk-block-column__content stk-container stk-e9a2022-container stk--no-background stk--no-padding\"><div class=\"stk-block-content stk-inner-blocks stk-e9a2022-inner-blocks\">\n<figure class=\"wp-block-image aligncenter size-full is-resized\" data-block-type=\"core\"><img loading=\"lazy\" decoding=\"async\" width=\"225\" height=\"225\" src=\"http:\/\/alumno04.shopenlaces.com.es\/alumno04wp\/wp-content\/uploads\/2026\/02\/bellingam.jpg\" alt=\"\" class=\"wp-image-888\" style=\"width:487px;height:auto\" srcset=\"http:\/\/alumno04.shopenlaces.com.es\/alumno04wp\/wp-content\/uploads\/2026\/02\/bellingam.jpg 225w, http:\/\/alumno04.shopenlaces.com.es\/alumno04wp\/wp-content\/uploads\/2026\/02\/bellingam-150x150.jpg 150w, http:\/\/alumno04.shopenlaces.com.es\/alumno04wp\/wp-content\/uploads\/2026\/02\/bellingam-100x100.jpg 100w\" sizes=\"auto, (max-width: 225px) 100vw, 225px\" \/><\/figure>\n<\/div><\/div><\/div>\n<\/div><div class=\"stk-block-carousel__buttons\"><button class=\"stk-block-carousel__button stk-block-carousel__button__prev\" aria-label=\"Previous slide\"><svg aria-hidden=\"true\" focusable=\"false\" data-prefix=\"fas\" data-icon=\"chevron-left\" class=\"svg-inline--fa fa-chevron-left\" xmlns=\"http:\/\/www.w3.org\/2000\/svg\" viewBox=\"0 0 320 512\" width=\"32\" height=\"32\"><path d=\"M34.52 239.03L228.87 44.69c9.37-9.37 24.57-9.37 33.94 0l22.67 22.67c9.36 9.36 9.37 24.52.04 33.9L131.49 256l154.02 154.75c9.34 9.38 9.32 24.54-.04 33.9l-22.67 22.67c-9.37 9.37-24.57 9.37-33.94 0L34.52 272.97c-9.37-9.37-9.37-24.57 0-33.94z\"><\/path><\/svg><\/button><button class=\"stk-block-carousel__button stk-block-carousel__button__next\" aria-label=\"Next slide\"><svg aria-hidden=\"true\" focusable=\"false\" data-prefix=\"fas\" data-icon=\"chevron-right\" class=\"svg-inline--fa fa-chevron-right\" xmlns=\"http:\/\/www.w3.org\/2000\/svg\" viewBox=\"0 0 320 512\" width=\"32\" height=\"32\"><path d=\"M285.476 272.971L91.132 467.314c-9.373 9.373-24.569 9.373-33.941 0l-22.667-22.667c-9.357-9.357-9.375-24.522-.04-33.901L188.505 256 34.484 101.255c-9.335-9.379-9.317-24.544.04-33.901l22.667-22.667c9.373-9.373 24.569-9.373 33.941 0L285.475 239.03c9.373 9.372 9.373 24.568.001 33.941z\"><\/path><\/svg><\/button><\/div><\/div><div class=\"stk-block-carousel__dots\" role=\"list\" data-label=\"Slide %%d\"><\/div><\/div><\/div>\n\n\n\n<p data-block-type=\"core\">Camiseta real Madrid primera equipacion temporada 2025\/2026 Esta camiseta primera equipaci\u00f3n Adidas del Real Madrid hace un gui\u00f1o a la \u00faltima remodelaci\u00f3n del Bernab\u00e9u. Su dise\u00f1o incorpora formas, texturas y colores sutiles inspirados en su larga historia. Est\u00e1 dise\u00f1ada para que la luzcas en el legendario estadio en la temporada 25\/26.<\/p>\n","protected":false},"excerpt":{"rendered":"<p>Camiseta real Madrid primera equipacion temporada 2025\/2026 Esta camiseta primera equipaci\u00f3n Adidas del Real Madrid hace un gui\u00f1o a la \u00faltima remodelaci\u00f3n del Bernab\u00e9u. Su dise\u00f1o incorpora formas, texturas y colores sutiles inspirados en su larga historia. Est\u00e1 dise\u00f1ada para que la luzcas en el legendario estadio en la temporada 25\/26.<\/p>\n","protected":false},"author":1,"featured_media":0,"parent":0,"menu_order":0,"comment_status":"closed","ping_status":"closed","template":"","meta":{"footnotes":""},"class_list":["post-885","page","type-page","status-publish","hentry"],"blocksy_meta":[],"_links":{"self":[{"href":"http:\/\/alumno04.shopenlaces.com.es\/alumno04wp\/index.php?rest_route=\/wp\/v2\/pages\/885","targetHints":{"allow":["GET"]}}],"collection":[{"href":"http:\/\/alumno04.shopenlaces.com.es\/alumno04wp\/index.php?rest_route=\/wp\/v2\/pages"}],"about":[{"href":"http:\/\/alumno04.shopenlaces.com.es\/alumno04wp\/index.php?rest_route=\/wp\/v2\/types\/page"}],"author":[{"embeddable":true,"href":"http:\/\/alumno04.shopenlaces.com.es\/alumno04wp\/index.php?rest_route=\/wp\/v2\/users\/1"}],"replies":[{"embeddable":true,"href":"http:\/\/alumno04.shopenlaces.com.es\/alumno04wp\/index.php?rest_route=%2Fwp%2Fv2%2Fcomments&post=885"}],"version-history":[{"count":3,"href":"http:\/\/alumno04.shopenlaces.com.es\/alumno04wp\/index.php?rest_route=\/wp\/v2\/pages\/885\/revisions"}],"predecessor-version":[{"id":890,"href":"http:\/\/alumno04.shopenlaces.com.es\/alumno04wp\/index.php?rest_route=\/wp\/v2\/pages\/885\/revisions\/890"}],"wp:attachment":[{"href":"http:\/\/alumno04.shopenlaces.com.es\/alumno04wp\/index.php?rest_route=%2Fwp%2Fv2%2Fmedia&parent=885"}],"curies":[{"name":"wp","href":"https:\/\/api.w.org\/{rel}","templated":true}]}}